{"id":11727,"date":"2014-04-02T20:53:22","date_gmt":"2014-04-02T18:53:22","guid":{"rendered":"http:\/\/natropie.zhp.pl\/?page_id=11727"},"modified":"2018-03-23T19:47:19","modified_gmt":"2018-03-23T17:47:19","slug":"wspolpraca","status":"publish","type":"page","link":"https:\/\/natropie.zhp.pl\/index.php\/wspolpraca\/","title":{"rendered":"Wsp\u00f3\u0142praca"},"content":{"rendered":"<p>W Na Tropie staramy si\u0119 pokazywa\u0107 w\u0119drownik\u00f3w z ca\u0142ego kraju. Dlatego <b>je\u015bli chcesz przedstawi\u0107 swoje \u015brodowisko<\/b>, pokaza\u0107 ca\u0142ej Polsce fajn\u0105<b> akcj\u0119<\/b>, ciekaw\u0105<b> imprez\u0119<\/b>, zaprosi\u0107 na jakie\u015b <b>wydarzenie<\/b>, masz pomys\u0142 na fajn\u0105<b> zbi\u00f3rk\u0119<\/b>, <b>kurs<\/b> lub <b>warsztaty<\/b> dla w\u0119drownik\u00f3w b\u0105d\u017a instruktor\u00f3w \u2013 napisz do nas! Wy\u015blij maila na <b>natropie@zhp.pl<\/b>.<\/p>\n<p><b>Chcesz po prostu co\u015b dla nas napisa\u0107? <\/b>Masz takie zadanie w pr\u00f3bie albo ta ch\u0119\u0107 p\u0142ynie zwyczajnie z g\u0142\u0119bi serca? \u015awietnie. Napisz do nas \u2013 razem wybierzemy temat i gatunek tekstu, kt\u00f3ry napiszesz. Mo\u017cesz napisa\u0107 prawie o czymkolwiek, ale najpierw zg\u0142o\u015b tak\u0105 ch\u0119\u0107.<\/p>\n<h3>Chcesz do\u0142\u0105czy\u0107 do redakcji Na Tropie?<\/h3>\n<p>Wszelkie zg\u0142oszenia nale\u017cy przesy\u0142a\u0107 na natropie@zhp.pl, wpisuj\u0105c w temacie nazw\u0119 \u201estanowiska\u201d. Przypominamy, \u017ce praca w Na Tropie opiera si\u0119 o zasady wolontariatu \u2013 nikt tu nie dostaje wynagrodzenia.<\/p>\n<p><b>Kogo aktualnie szukamy:<\/b><\/p>\n<h3><b>AUTOR<\/b><\/h3>\n<p>Szukamy os\u00f3b, kt\u00f3re chc\u0105 si\u0119 na sta\u0142e zwi\u0105za\u0107 z redakcj\u0105 i regularnie wspiera\u0107 j\u0105 swoimi tekstami \u2013 w wybranym przez siebie dziale lub bez konkretnego przydzia\u0142u. Na pocz\u0105tku.<\/p>\n<p><b>Czego wymagamy?<\/b><\/p>\n<ul>\n<li>pilnowania deadline\u2019\u00f3w<\/li>\n<li>regularno\u015bci, rzetelno\u015bci, zaanga\u017cowania<\/li>\n<li>dotrzymywania s\u0142owa<\/li>\n<li>ciekawych spostrze\u017ce\u0144, dobrego pi\u00f3ra i interesuj\u0105cych temat\u00f3w<\/li>\n<\/ul>\n<p>&nbsp;<\/p>\n<h3><strong>WSP\u00d3\u0141PRACA W DZIALE <em>WYJD\u0179 W \u015aWIAT<\/em><\/strong><\/h3>\n<p>Szukamy osoby, kt\u00f3ra wesprze szefa dzia\u0142u Ww\u015a swoim obeznaniem w zagranicznych imprezach i akcjach harcerskich. Potrzebny nam jest cz\u0142owiek, kt\u00f3ry interesuje si\u0119 tym, co fajnego harcerskiego\/skautowego dzieje si\u0119 poza Polsk\u0105.<\/p>\n<p><b>Czego wymagamy?<\/b><\/p>\n<ul>\n<li>pilnowania deadline\u2019\u00f3w<\/li>\n<li>regularno\u015bci, rzetelno\u015bci, zaanga\u017cowania<\/li>\n<li>dotrzymywania s\u0142owa<\/li>\n<li>interesowania si\u0119 harcerstwem\/skautingiem zagranicznym<\/li>\n<li>bycia na bie\u017c\u0105co z zagranicznymi imprezami harcerskimi\/skautowymi<\/li>\n<li>pisania tekst\u00f3w!<\/li>\n<\/ul>\n<h3>WSP\u00d3\u0141PRACA W DZIALE <em>JESTEM W ZWI\u0104ZKU<\/em><\/h3>\n<p>W ZHP dzieje si\u0119 du\u017co, wiadomo. Dlatego potrzebujemy kogo\u015b, kto razem z naszym dzielnym szefem dzia\u0142u b\u0119dzie \u015bledzi\u0142 bie\u017c\u0105ce wydarzenia i wychwytywa\u0142 te ciekawe dla w\u0119drownik\u00f3w i instruktor\u00f3w. Potrzebujemy te\u017c osoby, kt\u00f3ra mocno \u201esiedzi w harcerstwie\u201d, b\u0119dzie podsuwa\u0107 pomys\u0142y na teksty zwi\u0105zane z nasz\u0105 organizacj\u0105 i z dokonuj\u0105cymi si\u0119 w niej zmianami.<\/p>\n<p><strong>Czego wymagamy?<\/strong><\/p>\n<ul>\n<li>pilnowania deadline\u2019\u00f3w<\/li>\n<li>regularno\u015bci, rzetelno\u015bci, zaanga\u017cowania<\/li>\n<li>dotrzymywania s\u0142owa<\/li>\n<li>\u0142atwo\u015bci w pisaniu<\/li>\n<li>\u015bledzenia bie\u017c\u0105cej sytuacji ZHP i zmian zachodz\u0105cych w organizacji<\/li>\n<\/ul>\n<h3>KOREKTOR<\/h3>\n<p>Potrzebujemy osoby, kt\u00f3ra zna si\u0119 na przecinkach, du\u017cych i ma\u0142ych literach, mia\u0142a same sz\u00f3stki z ortografii, ale te\u017c wie, co to pleonazm i oksymoron. Szukamy cz\u0142owieka, kt\u00f3ry b\u0119dzie poprawia\u0142 teksty po naszych autorach i wyprostuje wszystkie ko\u015blawe zdania.<\/p>\n<p><b>Czego wymagamy?<\/b><\/p>\n<ul>\n<li>pilnowania deadline\u2019\u00f3w<\/li>\n<li>regularno\u015bci, rzetelno\u015bci, zaanga\u017cowania<\/li>\n<li>dotrzymywania s\u0142owa<\/li>\n<li>dok\u0142adno\u015bci<\/li>\n<li>znajomo\u015bci zasad poprawnej polszczyzny<\/li>\n<li>przyja\u017anienia si\u0119 ze s\u0142ownikami<\/li>\n<li>wykszta\u0142cenie polonistyczne b\u0119dzie dodatkowym atutem, ale nie jest konieczne<\/li>\n<\/ul>\n<h3><b>TW\u00d3RCA MATERIA\u0141\u00d3W PROMOCYJNYCH<\/b><\/h3>\n<p>Chodzi przede wszystkim o <b>grafiki<\/b>\u00a0i <b>filmy<\/b>. Szukamy os\u00f3b, kt\u00f3re mog\u0142yby swoimi umiej\u0119tno\u015bciami, pomys\u0142ami i sprz\u0119tem wesprze\u0107 dzia\u0142 promocji oraz tworzy\u0107 materia\u0142y na r\u00f3\u017cnych zlotach i wydarzeniach (na kt\u00f3rych jeste\u015bmy lub nie).<\/p>\n<p><b>Czego wymagamy?<\/b><\/p>\n<ul>\n<li>pilnowania deadline\u2019\u00f3w<\/li>\n<li>regularno\u015bci, rzetelno\u015bci, zaanga\u017cowania<\/li>\n<li>dotrzymywania s\u0142owa<\/li>\n<li>odpowiednich umiej\u0119tno\u015bci \u2013 graficznych lub w kr\u0119ceniu i montowaniu filmik\u00f3w<\/li>\n<li>do\u015bwiadczenia w wy\u017cej wymienionych dzia\u0142aniach<\/li>\n<li>w\u0142asnego sprz\u0119tu (kamerka, komputer, programy graficzne)<\/li>\n<\/ul>\n<h3><b>CZ\u0141ONEK DZIA\u0141U PROMOCJI<\/b><\/h3>\n<p>Szukamy os\u00f3b chc\u0105cych wesprze\u0107 dzia\u0142ania promocyjne Na Tropie. Czyli os\u00f3b z g\u0142owami pe\u0142nymi pomys\u0142\u00f3w \u2013 w jaki spos\u00f3b, gdzie i komu zakomunikowa\u0107, \u017ce Na Tropie istnieje i jest fajne.<\/p>\n<p><b>Czego wymagamy?<\/b><\/p>\n<ul>\n<li>regularno\u015bci, rzetelno\u015bci, zaanga\u017cowania<\/li>\n<li>dotrzymywania s\u0142owa<\/li>\n<li>pomys\u0142owo\u015bci<\/li>\n<li>do\u015bwiadczenia w zakresie promocji<\/li>\n<\/ul>\n","protected":false},"excerpt":{"rendered":"<p>W Na Tropie staramy si\u0119 pokazywa\u0107 w\u0119drownik\u00f3w z ca\u0142ego kraju. Dlatego je\u015bli chcesz przedstawi\u0107 swoje \u015brodowisko, pokaza\u0107 ca\u0142ej Polsce fajn\u0105 akcj\u0119, ciekaw\u0105 imprez\u0119, zaprosi\u0107 na jakie\u015b wydarzenie, masz pomys\u0142 na fajn\u0105 zbi\u00f3rk\u0119, kurs lub warsztaty dla w\u0119drownik\u00f3w b\u0105d\u017a instruktor\u00f3w \u2013 napisz do nas! Wy\u015blij maila na natropie@zhp.pl. Chcesz po prostu co\u015b dla nas napisa\u0107? Masz [&#8230;]<\/p>\n","protected":false},"author":152,"featured_media":0,"parent":0,"menu_order":0,"comment_status":"open","ping_status":"open","template":"","meta":{"_acf_changed":false,"_exactmetrics_skip_tracking":false,"_exactmetrics_sitenote_active":false,"_exactmetrics_sitenote_note":"","_exactmetrics_sitenote_category":0,"footnotes":""},"class_list":["post-11727","page","type-page","status-publish","hentry"],"acf":[],"_links":{"self":[{"href":"https:\/\/natropie.zhp.pl\/index.php\/wp-json\/wp\/v2\/pages\/11727","targetHints":{"allow":["GET"]}}],"collection":[{"href":"https:\/\/natropie.zhp.pl\/index.php\/wp-json\/wp\/v2\/pages"}],"about":[{"href":"https:\/\/natropie.zhp.pl\/index.php\/wp-json\/wp\/v2\/types\/page"}],"author":[{"embeddable":true,"href":"https:\/\/natropie.zhp.pl\/index.php\/wp-json\/wp\/v2\/users\/152"}],"replies":[{"embeddable":true,"href":"https:\/\/natropie.zhp.pl\/index.php\/wp-json\/wp\/v2\/comments?post=11727"}],"version-history":[{"count":24,"href":"https:\/\/natropie.zhp.pl\/index.php\/wp-json\/wp\/v2\/pages\/11727\/revisions"}],"predecessor-version":[{"id":24218,"href":"https:\/\/natropie.zhp.pl\/index.php\/wp-json\/wp\/v2\/pages\/11727\/revisions\/24218"}],"wp:attachment":[{"href":"https:\/\/natropie.zhp.pl\/index.php\/wp-json\/wp\/v2\/media?parent=11727"}],"curies":[{"name":"wp","href":"https:\/\/api.w.org\/{rel}","templated":true}]}}